at is the hundred thousands digit of 412884?
4
What is the units digit of 1456084?
4
What is the ten thousands digit of 1846492?
4
What is the units digit of 3359030?
0
What is the tens digit of 363907?
0
What is the units digit of 6267259?
9
What is the millions digit of 1224646?
1
What is the thousands digit of 1884115?
4
What is the hundreds digit of 6055902?
9
What is the hundred thousands digit of 6275994?
2
What is the ten thousands digit of 2753588?
5
What is the hundreds digit of 1823363?
3
What is the hundred thousands digit of 939577?
9
What is the hundreds digit of 344878?
8
What is the hundreds digit of 4022512?
5
What is the thousands digit of 9776151?
6
What is the ten thousands digit of 181399?
8
What is the hundreds digit of 3396838?
8
What is the hundred thousands digit of 21280374?
2
What is the ten thousands digit of 132501?
3
What is the hundred thousands digit of 152121?
1
What is the hundred thousands digit of 485730?
4
What is the hundred thousands digit of 10452943?
4
What is the units digit of 25072527?
7
What is the tens digit of 1369826?
2
What is the units digit of 8112073?
3
What is the hundreds digit of 1054266?
2
What is the hundred thousands digit of 3162182?
1
What is the ten thousands digit of 1229679?
2
What is the units digit of 46109?
9
What is the hundreds digit of 651181?
1
What is the ten thousands digit of 7295772?
9
What is the hundreds digit of 574508?
5
What is the tens digit of 697679?
7
What is the hundreds digit of 858586?
5
What is the thousands digit of 52057?
2
What is the ten thousands digit of 2264345?
6
What is the hundred thousands digit of 332930?
3
What is the hundred thousands digit of 3515271?
5
What is the hundreds digit of 6564146?
1
What is the tens digit of 33166618?
1
What is the millions digit of 1277239?
1
What is the hundreds digit of 4700028?
0
What is the ten thousands digit of 195996?
9
What is the ten millions digit of 23059543?
2
What is the hundred thousands digit of 1799776?
7
What is the hundred thousands digit of 17548466?
5
What is the millions digit of 4031320?
4
What is the thousands digit of 16702737?
2
What is the hundreds digit of 884499?
4
What is the tens digit of 820251?
5
What is the ten thousands digit of 301758?
0
What is the tens digit of 39971?
7
What is the units digit of 13058601?
1
What is the ten millions digit of 30840914?
3
What is the units digit of 50862?
2
What is the hundred thousands digit of 1110306?
1
What is the hundred thousands digit of 6723090?
7
What is the hundreds digit of 13942929?
9
What is the hundred thousands digit of 375403?
3
What is the ten thousands digit of 1382081?
8
What is the units digit of 306484?
4
What is the hundreds digit of 16294144?
1
What is the units digit of 1317662?
2
What is the units digit of 2116358?
8
What is the ten thousands digit of 887698?
8
What is the units digit of 7548624?
4
What is the tens digit of 243361?
6
What is the ten thousands digit of 837816?
3
What is the hundreds digit of 351686?
6
What is the thousands digit of 673625?
3
What is the thousands digit of 129635?
9
What is the tens digit of 4775039?
3
What is the ten thousands digit of 417577?
1
What is the ten millions digit of 33334712?
3
What is the ten thousands digit of 34852892?
5
What is the hundreds digit of 276323?
3
What is the units digit of 4633322?
2
What is the hundreds digit of 3013236?
2
What is the tens digit of 59535?
3
What is the hundreds digit of 10469211?
2
What is the tens digit of 207335?
3
What is the hundred thousands digit of 229264?
2
What is the thousands digit of 621317?
1
What is the hundreds digit of 866194?
1
What is the thousands digit of 802129?
2
What is the thousands digit of 28147842?
7
What is the millions digit of 19416773?
9
What is the millions digit of 16257399?
6
What is the hundreds digit of 10730646?
6
What is the tens digit of 156340?
4
What is the units digit of 293526?
6
What is the tens digit of 20391418?
1
What is the tens digit of 170304?
0
What is the millions digit of 5654967?
5
What is the tens digit of 1800030?
3
What is the tens digit of 1644755?
5
What is the ten thousands digit of 274015?
7
What is the tens digit of 56491?
9
What is the hundred thousands digit of 1459331?
4
What is the ten thousands digit of 134311?
3
What is the hundreds digit of 1053024?
0
What is the tens digit of 280079?
7
What is the thousands digit of 131879?
1
What is the tens digit of 12437009?
0
What is the units digit of 79703?
3
What is the tens digit of 860810?
1
What is the units digit of 369527?
7
What is the millions digit of 1247832?
1
What is the hundreds digit of 568409?
4
What is the tens digit of 224765?
6
What is the millions digit of 1245466?
1
What is the units digit of 3530517?
7
What is the tens digit of 6278034?
3
What is the hundreds digit of 20873222?
2
What is the ten thousands digit of 299335?
9
What is the hundred thousands digit of 297911?
2
What is the units digit of 229496?
6
What is the hundreds digit of 12430935?
9
What is the hundreds digit of 3794181?
1
What is the millions digit of 1373640?
1
What is the hundred thousands digit of 532668?
5
What is the hundred thousands digit of 850358?
8
What is the tens digit of 605049?
4
What is the hundreds digit of 159716?
7
What is the units digit of 280137?
7
What is the units digit of 497832?
2
What is the hundreds digit of 4521250?
2
What is the tens digit of 1499146?
4
What is the ten thousands digit of 117125?
1
What is the hundred thousands digit of 107789?
1
What is the hundreds digit of 1015371?
3
What is the tens digit of 496695?
9
What is the hundreds digit of 785451?
4
What is the thousands digit of 80738?
0
What is the hundreds digit of 3242931?
9
What is the hundred thousands digit of 10387420?
3
What is the ten thousands digit of 19299560?
9
What is the thousands digit of 1870645?
0
What is the ten thousands digit of 9490965?
9
What is the units digit of 28213949?
9
What is the thousands digit of 77955?
7
What is the hundreds digit of 143370?
3
What is the thousands digit of 70229?
0
What is the units digit of 1977467?
7
What is the units digit of 3978232?
2
What is the ten thousands digit of 1570045?
7
What is the tens digit of 1368555?
5
What is the hundreds digit of 406710?
7
What is the thousands digit of 2490277?
0
What is the thousands digit of 1146789?
6
What is the thousands digit of 3504387?
4
What is the tens digit of 2936405?
0
What is the hundred thousands digit of 2015959?
0
What is the hundred thousands digit of 3879320?
8
What is the units digit of 238401?
1
What is the tens digit of 1929562?
6
What is the hundreds digit of 292719?
7
What is the ten thousands digit of 159328?
5
What is the ten millions digit of 13752229?
1
What is the ten thousands digit of 5913694?
1
What is the millions digit of 6370372?
6
What is the hundred thousands digit of 416153?
4
What is the units digit of 4511978?
8
What is the units digit of 10823434?
4
What is the tens digit of 1858535?
3
What is the units digit of 383355?
5
What is the ten thousands digit of 3998488?
9
What is the ten thousands digit of 18390951?
9
What is the hundreds digit of 115882?
8
What is the millions digit of 5849709?
5
What is the hundred thousands digit of 3678394?
6
What is the tens digit of 8071623?
2
What is the units digit of 16825848?
8
What is the tens digit of 1173426?
2
What is the ten thousands digit of 102422?
0
What is the tens digit of 1032744?
4
What is the hundred thousands digit of 545013?
5
What is the tens digit of 382752?
5
What is the hundreds digit of 11580?
5
What is the tens digit of 70029?
2
What is the units digit of 5707213?
3
What is the ten thousands digit of 6110927?
1
What is the tens digit of 5237807?
0
What is the thousands digit of 5811304?
1
What is the thousands digit of 30118636?
8
What is the tens digit of 8985072?
7
What is the hundred thousands digit of 10755552?
7
What is the tens digit of 7169694?
9
What is the ten thousands digit of 13172282?
7
What is the ten thousands digit of 627047?
2
What is the tens digit of 1142069?
6
What is the hundreds digit of 6580?
5
What is the thousands digit of 14708475?
8
What is the millions digit of 23716157?
3
What is the millions digit of 1067535?
1
What is the tens digit 